*2 + 4*k - 8. Determine n(-8).
24
Let j(i) = -5*i**3 + i**2 + i + 6. Calculate j(-2).
48
Let h(y) = y**3 - 12*y**2 + y + 10. Calculate h(12).
22
Let f(y) = -y**3 - 11*y**2 - 21. What is f(-11)?
-21
Let o(z) = 4*z**2 + 2*z + 2. Determine o(1).
8
Let p(d) = -5*d - 58. What is p(-12)?
2
Let z(b) = -2*b**3 + b**2 + 3. Determine z(2).
-9
Let f(s) = 2*s + 2. Determine f(4).
10
Let a(n) = -66*n**3 - 2*n + 1. What is a(1)?
-67
Let w(y) = 17*y - 28. Give w(2).
6
Let r(m) = -23*m - 19. What is r(-2)?
27
Let v(g) = -g - 18. Calculate v(-25).
7
Let n(h) = -h + 4. Calculate n(5).
-1
Let a(o) = -7*o - 12. Determine a(5).
-47
Let m(g) = 8*g - 6. Calculate m(3).
18
Let h(n) = -8*n**3 + 2*n**2 + 2*n - 2. Determine h(-2).
66
Let a(t) = t**3 + 16*t**2 + 31*t + 34. Calculate a(-15).
-206
Let d(f) = f**2 - 10*f + 7. What is d(10)?
7
Let a(c) = c**3 - 5*c**2 - 5*c - 5. Calculate a(6).
1
Let y(f) = -f**3 + f - 25. Calculate y(0).
-25
Let p(b) = b**2 + 28*b + 127. What is p(-20)?
-33
Let r(d) = d**3 - 3*d**2 - 29*d + 13. What is r(7)?
6
Let f(s) = 2*s**3 + 58*s**2 - s - 28. What is f(-29)?
1
Let z(p) = 2*p**3 - 3*p - 1. Calculate z(-3).
-46
Let o(x) = -36*x. Determine o(-4).
144
Let w(g) = -9*g + 51. Determine w(6).
-3
Let i(k) = -k**2 - 127*k - 127. Calculate i(-1).
-1
Let f(j) = -16*j**2 - j. Calculate f(-1).
-15
Let z(r) = r**3 + 10*r**2 + 6*r - 15. Calculate z(-9).
12
Let k(p) = -p**3 + 11*p**2 - 8*p - 12. Calculate k(10).
8
Let k(z) = z**2 + 22*z + 26. Determine k(-9).
-91
Let k(g) = g**3 + 3*g**2 - 2*g - 4. Calculate k(-4).
-12
Let p(l) = -l**3 - 6*l**2 + 9*l + 3. Calculate p(-7).
-11
Let v(b) = -5*b - 1. What is v(-1)?
4
Let z(q) = -q**3 + q**2 + 57*q. Give z(8).
8
Let c(y) = 27*y**3 - 2*y - 2. What is c(-1)?
-27
Let k(z) = z**2 - 3*z - 6. Give k(5).
4
Let t(y) = -12*y**3 + y**2. Give t(1).
-11
Let i(y) = y**3 - 5*y - 5. Calculate i(3).
7
Let q(b) = b**2 - 2*b - 678. What is q(-25)?
-3
Let j(x) = 19*x - 5. Calculate j(-4).
-81
Let a(w) = -w - 24. Give a(20).
-44
Let s(i) = -i**2 - 10*i - 11. Calculate s(-6).
13
Let z(h) = -2*h**2 + 4*h + 1. Determine z(4).
-15
Let i(p) = -4*p + 1. Calculate i(-9).
37
Let p(q) = -50*q**3 + q. What is p(-1)?
49
Let m(x) = x + 4. Give m(5).
9
Let w(j) = -j**3 - 13*j**2 + 31*j - 38. Determine w(-15).
-53
Let c(w) = -w**2 + 10*w + 28. Determine c(9).
37
Let t(q) = -7*q - 13. Calculate t(-3).
8
Let v(c) = -c**3 - 10*c**2 + 10*c + 1. Determine v(-11).
12
Let g(u) = -62*u**3 + 2*u**2 - 1. Give g(-1).
63
Let h(o) = o**2 - 4*o + 8. Give h(3).
5
Let z(o) = -6*o + 193. Calculate z(37).
-29
Let s(l) = -l**2 - 4*l. Calculate s(-6).
-12
Let v(q) = -115*q - 347. Calculate v(-3).
-2
Let d(t) = -27*t**3 + t**2 + t - 1. What is d(-1)?
26
Let o(d) = 6*d + 6. Calculate o(-2).
-6
Let j(x) = -2*x**3 + 7*x**2 - 2*x + 12. What is j(4)?
-12
Let f(u) = u**2 + 24*u + 41. What is f(-23)?
18
Let l(y) = 8*y**2 + 3*y - 5. Give l(1).
6
Let s(c) = -2*c**3 - 12*c**2 + 3*c + 13. Give s(-6).
-5
Let d(u) = -3*u**2 - 6*u - 3. Give d(-4).
-27
Let u(z) = 51*z**2 - 7*z + 4. Give u(2).
194
Let l(s) = 26*s - 104. What is l(4)?
0
Let n(j) = 2*j + 1. Calculate n(5).
11
Let f(b) = -b**3 + 17*b**2 - 2*b + 33. What is f(17)?
-1
Let w(o) = -o**3 - 4*o**2 + o - 1. Calculate w(-5).
19
Let y(w) = w**3 + w**2 - 2*w + 3. Determine y(-3).
-9
Let v(z) = 6*z**2 + 35*z + 22. Give v(-5).
-3
Let z(n) = -4*n + 2. Calculate z(-11).
46
Let n(c) = -31*c. Give n(-1).
31
Let g(x) = 3*x. What is g(5)?
15
Let n(y) = y**2 - 7*y - 4. Determine n(9).
14
Let h(p) = p + 11. What is h(10)?
21
Let k(d) = -d**2 + 33*d - 6. What is k(31)?
56
Let u(q) = q**3 + 10*q**2 - 15*q - 23. Give u(-11).
21
Let f(n) = n**2 - 11*n - 5. What is f(12)?
7
Let k(b) = 4*b**2 + 3. Give k(-2).
19
Let i(n) = -4*n + 7. Determine i(2).
-1
Let m(s) = -s - 22. Calculate m(-7).
-15
Let l(z) = z**3 - 20*z**2 + 18*z + 17. Calculate l(19).
-2
Let p(w) = w**3 + 2*w - 7. Determine p(-3).
-40
Let f(h) = h**3 - 7*h**2 + 6*h + 4. Determine f(6).
4
Let k(w) = -7*w - 42. What is k(0)?
-42
Let g(q) = q**3 + 9*q**2 + 12*q + 15. Determine g(-8).
-17
Let d(t) = 26*t + 34. What is d(-2)?
-18
Let a(c) = c**2 + 10*c. What is a(-8)?
-16
Let g(r) = r**2 - 11*r + 15. What is g(10)?
5
Let q(y) = -17*y**2 - 9*y - 8. What is q(-1)?
-16
Let r(h) = -h**3 - 5*h**2 + 14*h + 5. Determine r(-7).
5
Let q(r) = -r**3 - 12*r**2 + 3*r + 8. Give q(-12).
-28
Let h(g) = g**2 - 5*g - 1. What is h(7)?
13
Let v(f) = -f**3 + 4*f**2 - 8*f + 29. Give v(4).
-3
Let r(c) = -8*c - 20. Determine r(6).
-68
Let l(x) = -7*x - 36. Calculate l(-6).
6
Let f(x) = 4*x - 28. Calculate f(13).
24
Let p(a) = -a**3 - 21*a**2 - 55*a - 59. What is p(-18)?
-41
Let b(h) = -4*h + 82. Determine b(9).
46
Let g(l) = 2*l - 6. Determine g(3).
0
Let p(x) = x**2 - 3*x + 2. What is p(6)?
20
Let b(j) = -j**2 - 25*j - 162. What is b(-13)?
-6
Let g(l) = 3*l - 5. What is g(6)?
13
Let o(i) = -i**3 - 7*i**2 + 4*i + 9. Determine o(-9).
135
Let h(s) = -s**3 + s + 8. Calculate h(-4).
68
Let g(d) = -6*d**3 - d**2 + d. Calculate g(2).
-50
Let r(c) = -c - 6. Calculate r(10).
-16
Let w(c) = 10*c + 5. What is w(-2)?
-15
Let a(l) = l**2 - 2*l - 6. Determine a(0).
-6
Let f(s) = s**3 - s**2 + 2*s + 33. Determine f(0).
33
Let h(k) = -k**3 + 6*k**2 - 7*k + 1. Calculate h(5).
-9
Let y(z) = z**2 - 4*z - 10. Calculate y(5).
-5
Let b(y) = -y**2 + 28*y + 25. Determine b(29).
-4
Let s(l) = -l - 11. Give s(-10).
-1
Let w(o) = -3*o**3 + 18*o**2 - o + 3. Determine w(6).
-3
Let h(n) = n**3 - 13*n**2 + 12*n - 1. Give h(12).
-1
Let s(k) = k**2 + 6*k. Determine s(-4).
-8
Let a(y) = 3*y**2 - 14*y - 44. Give a(-3).
25
Let y(a) = -a**3 - 7*a**2 + a + 17. Calculate y(-7).
10
Let c(p) = -2*p**3 + p + 1. Determine c(-2).
15
Let w(b) = -288*b - 1735. Determine w(-6).
-7
Let v(z) = 60*z + 776. Give v(-13).
-4
Let z(w) = -w**3 + 5*w**2 + 3*w - 17. Determine z(5).
-2
Let m(q) = -87*q - 435. Calculate m(-5).
0
Let c(l) = l**3 + 4*l**2 - 3*l + 1. Determine c(-5).
-9
Let b(z) = 2*z**3 + z**2 - z + 5. Give b(0).
5
Let j(s) = 3*s**2 - 7*s - 8. Determine j(4).
12
Let n(x) = 22*x + 687. Give n(-31).
5
Let r(z) = z**3 + 2*z**2 - 2*z + 2. Calculate r(-3).
-1
Let y(u) = u**2 + 8*u - 1. Calculate y(-8).
-1
Let d(r) = r**2 + 28*r + 72. Give d(-25).
-3
Let k(j) = 2*j + 36. Calculate k(-15).
6
Let u(n) = 2*n + 1. Calculate u(-3).
-5
Let k(n) = -n + 3. Give k(-3).
6
Let n(j) = -13*j + 32. Give n(3).
-7
Let x(b) = 13*b - 145. Calculate x(11).
-2
Let z(b) = -2*b - 58. Give z(-20).
-18
Let z(i) = -11*i + 115. Determine z(12).
-17
Let q(g) = g**3 + 6*g**2 - 9*g + 3. What is q(-7)?
17
Let l(p) = -4*p. Give l(0).
0
Let j(x) = -x + 3. Give j(-4).
7
Let h(g) = -4*g**2 - 37*g + 23. Calculate h(-10).
-7
Let z(a) = a**2 + 9*a - 25. Calculate z(-11).
-3
Let u(k) = -7*k + 34. Determine u(5).
-1
Let o(z) = -4*z**2 + 45*z + 34. Calculate o(12).
-2
Let n(b) = b**3 - 5*b**2 - 5*b + 4. Determine n(6).
10
Let l(i) = i**3 - 9*i**2 + 9*i - 13. What is l(8)?
-5
Let t(o) = -34*o + 37. Calculate t(1).
3
Let s(k) = -k**3 - 6*k**2 - 2*k - 9. What is s(-4)?
-33
Let x(j) = -11*j**3 - j**2 + 2*j - 1. Determine x(1).
-11
Let i(v) = -v**2 + 13*v - 11. Calculate i(11).
11
Let d(i) = i**2 + 4*i + 5. Give d(-7).
26
Let q(i) = -2*i**2 + 7*i + 22. Give q(0).
22
Let k(s) = -2*s**3 - 19*s**2 - 3*s + 9. Give k(-9).
-45
Let u(n) = -n**3 + 7*n**2 + 7*n - 8. Calculate u(8).
-16
Let w(k) = -5*k + 211. Determine w(41).
6
Let k(o) = 5*o**3 - o**2 - 4*o - 4. Give k(-2).
-40
Let k(x) = x**2 + 4*x - 6. Calculate k(-3).
-9
Let k(o) = -473*o + 1892. What is k(4)?
0
Let p(h) = 9*h - 3. Determine p(1).
6
Let x(m) = -m**2 + 19*m - 21. Calculate x(18).
-3
Let a(b) = b**3 + 10*b**2 + 15*b + 15. Give a(-8).
23
Let f(p) = p**3 + 4*p**2 - p. Determine f(-3).
12
Let f(m) = 4*m**3 - m**2 + 3*m - 7. What is f(2)?
27
Let h(b) = -b**3 - 9*b**2 + 22*b - 15. What is h(-11)?
-15
Let i(b) = 2*b + 5. Determine i(-9).
-13
Let n(i) = i**3 - 7*i**2 - 11*i + 9. Give n(7).
-68
Let t(r) = 2*r**2 + 3*r - 4. Determine t(-5).
31
Let c(r) = r**2 + r - 5. Give c(-3).
1
Let g(s) = s**2 + 7*s. Give g(-5).
-10
Let t(w) = -w**3 + 2*w**2 + 2*w - 2. Calculate t(3).
-5
Let x(i) = i + 25. Determine x(-20).
5
Let z(i) = -5*i + 5. Determine z(-4).
25
Let k(c) = -82*c + 584. Give k(7).
10
Let l(m) = m**3 + 5*m**2 - 3*m + 4. Determine l(-6).